ndreds digit of l?
1
Let t = 50 + -324. Let b = 828 + t. Suppose 0 = -4*x - a + b, -x + 5*a = x - 288. What is the units digit of x?
9
Let x = -2977 - -2981. Suppose -3*d = -4*s + 52, 5 - 1 = 2*s + 4*d. What is the hundreds digit of (s/x)/((-11)/(-660))?
1
What is the tens digit of 596331/117 + (-10)/(-65)?
9
Suppose -2*w + 0*w + 15306 = 2*z, 5*z + w = 38257. What is the tens digit of z?
5
Suppose 0*u - 247 = -m + 5*u, 2*m - 2*u = 494. Let q = -20 + m. What is the units digit of q?
7
Let t(r) = 697*r**2 - 25*r - 126. What is the units digit of t(-4)?
6
Let k(h) = 45*h**2 - 3*h - 7. Let b(w) = -w - 1. Let z(p) = b(p) + k(p). Let d be z(4). Suppose 12*x + d = 15*x. What is the hundreds digit of x?
2
Let t = 181 + -88. Let l = 220 - t. What is the hundreds digit of l?
1
What is the units digit of 365/(-146)*257052/(-10)?
3
Let k(h) be the first derivative of -2*h**3/3 + 15*h**2 - 84*h + 43. What is the units digit of k(9)?
4
Suppose -4*u = 3*d - 2171, 2*u = 6*d - 2*d - 2924. Let m = -435 + d. What is the hundreds digit of m?
2
Let l(h) = -32*h + 118. What is the hundreds digit of l(-22)?
8
Suppose o - 5 = 0, m + 104*o - 67771 = 102*o. What is the hundreds digit of m?
7
Suppose -15*o + 4*o = 7*o - 140112. What is the hundreds digit of o?
7
Suppose 0 = 21*l - 16*l - 1275. Let n be (0 + 4/6)*l. Let i = n + -117. What is the units digit of i?
3
Suppose 5*r + 10 = 55. Let i(o) = -o**2 - 433. Let m be i(0). What is the tens digit of (-10)/45*m - 2/r?
9
Let i = 42 - 144. Let c = 103 + i. Let n(l) = 119*l**2 - 2*l + 1. What is the hundreds digit of n(c)?
1
What is the tens digit of (20952 - -17)*1 + 11?
8
Let h = -3126 - -6392. What is the hundreds digit of h?
2
Let t(w) = -40*w**3 + 3*w**2 - 1. Let s be ((-2)/(-5))/((-15)/75). What is the tens digit of t(s)?
3
Suppose 0 = -6*m - 1456 + 232. Let g = m + 360. Suppose -4*b - g = -4*u, 0 = -b + 4*b + 9. What is the tens digit of u?
3
Let d(h) = -h**2 - 9*h - 1. Suppose 3*k + 21 = -2*g, 9*g - 6*g - 3*k + 24 = 0. Let z be d(g). Let t(l) = -94*l**3 - l - 2. What is the units digit of t(z)?
3
Suppose 19*n - 116 = -10*n. What is the units digit of 3/(-1) - (n - 419)?
2
Suppose -3340 = -11*j + 4558. What is the tens digit of j?
1
Suppose 0 = 5*u - 3*f - 293834, u + 117528 = 3*u - 2*f. What is the hundreds digit of u?
7
Let u = 8088 - 8084. Let o(k) = 6*k**2 - 3. Let s be o(3). Suppose u = -p + s. What is the tens digit of p?
4
Let i = 1147 - -4145. What is the thousands digit of i?
5
Suppose 0 = 29*y + 5451 - 112374. Suppose -5*a + 4*a = 4*t - y, -913 = -t - 2*a. What is the hundreds digit of t?
9
Suppose -415*f + 3434329 + 3237565 + 2564761 = 0. What is the units digit of f?
7
What is the units digit of (4*-3)/(-8 - 370454/(-46312))?
2
Suppose 2*b + t - 12365 = 0, t = 43*b - 47*b + 24727. What is the thousands digit of b?
6
Let q = 17640 + 3612. What is the hundreds digit of q?
2
Let w(t) = 192*t - 54. What is the tens digit of w(31)?
9
Let t(k) = k**2 + 4*k - 8. Let g be t(3). Let o = -10 + 61. Suppose g = b - o. What is the units digit of b?
4
Let c(b) = -b**2 - 1. Let s(k) = -k**3 - 7*k**2 + k - 25. Let m(y) = 3*c(y) - s(y). Let j be m(-5). Suppose -6*d + 24 = -j*d. What is the units digit of d?
6
Suppose -11*c + 930 - 3218 = 0. Let w = 228 + c. What is the tens digit of w?
2
Let q be -1*((-4)/(-2))/(9/(-18)). Suppose 336 = q*o - 3*o. Suppose -o = -3*r - 0*r. What is the tens digit of r?
1
Let y(f) = 3*f**2 + 5*f + 3. Suppose -2*a = 19 - 7. Let q be y(a). Suppose -5*b + q = -64. What is the tens digit of b?
2
What is the thousands digit of (-17 - 791/(-49))*-8610?
7
Suppose 3*z + 5*s + 986 = 8669, -12867 = -5*z + 2*s. What is the units digit of z?
1
Let k(r) = 4*r**2 - 41*r - 42*r - 33 - 33. What is the tens digit of k(23)?
4
Let d = 5719 - 4048. What is the thousands digit of d?
1
Let f(q) = -q - 1. Suppose 5 = -2*c - 1. Let l(z) = 31*z + 6. Let i(s) = c*f(s) - l(s). What is the units digit of i(-5)?
7
Suppose -3323975 = -233*q + 2489841. What is the units digit of q?
2
Suppose 7*z - 3*q = 166179, -71209 = -3*z - 8*q + 4*q. What is the hundreds digit of z?
7
Let z = -127 + 131. Let a(p) = 3*p**3 + p**2 - 2*p - 3. Let v be a(z). Let i = 306 - v. What is the hundreds digit of i?
1
Let s = 199 + -194. Suppose -x + 81 = 4*z - 3*z, -235 = -3*z + s*x. What is the units digit of z?
0
Let v(y) = 6*y - 42. Let l be v(11). Let p = l + 90. What is the units digit of p?
4
Suppose 4*h = 4*b - 19676, 5029 = -3*b - 5*h + 19786. Let y = b - 3442. Suppose 4*n - 1166 = 2*o, 6*o = -5*n + 2*o + y. What is the hundreds digit of n?
2
Suppose -31 = -4*m - 5*u, 14*m = 16*m + u - 17. Suppose 12*r - 13503 = -m*r. What is the hundreds digit of r?
6
Suppose -18*x = -3943 - 9737. Let h = 792 - x. What is the tens digit of h?
3
Suppose -j + 5 = -5*q, 21*j + 10 = 23*j - 2*q. Suppose n - 2*z - z = 15, -4*n = j*z - 26. What is the units digit of n?
9
Let j(b) = -26*b - 18. Let v be j(-5). Let x be (-42)/v + (-326)/(-16). Let u = -7 + x. What is the tens digit of u?
1
Let b(u) = -u**3 + u + 90. Let w = -16 + -13. Let i = w - -29. What is the tens digit of b(i)?
9
Let q(u) = -538*u**3 - 3*u**2 - 19*u - 35. What is the thousands digit of q(-2)?
4
Let y be ((-12)/(-9))/((-6)/(-9)) - 122. Let k = y - -120. Suppose k = -13*a + 342 + 2518. What is the units digit of a?
0
What is the ten thousands digit of (-23 + (-465)/(-20))*30*1*7598?
5
Let m(z) = -z**3 + z**2 + 2*z + 1. Let r(l) = 24*l**2 + 18*l - 46. Let w(o) = -m(o) + r(o). What is the hundreds digit of w(-17)?
4
Suppose -6029 = -5*g - 2*v + 7416, g = 2*v + 2701. What is the tens digit of g?
9
Suppose 0 = -4*w - 5*f + 245575, 4*w - 210869 = -11*f + 34700. What is the tens digit of w?
9
Let d be ((-63)/28)/((-3)/56). What is the hundreds digit of -2*(-9)/(-6) - (-10080)/d?
2
What is the hundreds digit of 54197/(-44)*(3 - 7)?
9
Let q be (-6 - (-32)/4)*406. Let m = -416 + q. What is the hundreds digit of m?
3
Let f(j) = 2*j**2 - 21*j - 2. Let b be f(11). Suppose -b*x - 220 = -3883. What is the tens digit of x?
0
Suppose 5*g + p - 56588 = 67953, 2*g = 3*p + 49813. What is the tens digit of g?
0
Suppose -75*c + 99324 = -81*c + 192*c. What is the hundreds digit of c?
5
Let r(o) = -40*o**3 + 2*o**2 - o. Let a be r(1). Let b = -57 - a. What is the units digit of (-1544)/b + 12/54*1?
6
Let c be 2*(-4 - 22/(-4)). Suppose c*r + 21 - 33 = 0. Suppose r*x + 93 = 377. What is the units digit of x?
1
Let z(t) be the third derivative of -t**6/120 + 11*t**5/60 + t**4/8 + 5*t**3/2 - t**2 - 58*t. Suppose -2*n = -23 + 5. What is the hundreds digit of z(n)?
2
Let g be (63/15 - 3)/(9/30). Suppose 0*j - 92 = -4*a - 5*j, -16 = -g*j. What is the tens digit of 4/a - (-9121)/63?
4
Let l(v) = 5*v + 260. Let t be l(0). Let j = 278 - t. What is the units digit of j?
8
Let u = 3955 + -2759. Suppose 75*q = 71*q + u. Suppose -3*g - 2*a = -q + 69, 3*g - 2*a = 250. What is the tens digit of g?
8
Suppose 2*c + 33861 = l, 5*l - 2*c - 64271 = 104970. What is the ten thousands digit of l?
3
Suppose 2*f - 2 = 0, 0 = -448*j + 453*j + 10*f - 346400. What is the ten thousands digit of j?
6
Suppose 8*g + 17 = 9*g. Suppose -8*o = -111 - g. Suppose 4*u - o*u = -1836. What is the units digit of u?
3
Let a(f) = -f. Let g(d) = -25*d - 4. Let u(k) = -2*a(k) - g(k). Let x be u(-3). What is the hundreds digit of ((-14)/x - 2698/(-44))*2?
1
Let d(v) = 5588*v + 140. What is the tens digit of d(1)?
2
Let c = 304 + -172. Suppose -w - c = w. What is the units digit of (28/(-8) + 3)*w?
3
Suppose 4*t + 1095 = b - 3295, 3*b = -2*t + 13142. What is the units digit of b?
2
Suppose -19*d + 35*d + 1936 = 0. Let z = d + 378. What is the tens digit of z?
5
Let l(f) = -131*f**3 - 2*f**2 - 19*f - 30. What is the tens digit of l(-3)?
4
Let n(v) = -2*v**2 - 8*v - 10. Let q be n(-4). What is the units digit of (q/5 - -319) + -3?
4
Suppose 83*s - 42*s + 39312 = 49*s. What is the tens digit of s?
1
Let l(z) = 7*z**2 + 7*z - 12. Suppose 3*o + 69 = 3*x, 6 = 2*o - 5*o. Suppose j + 5*g = -25, 0*j = j + 4*g + x. What is the hundreds digit of l(j)?
1
Let a be ((-98)/21)/(-7)*(3 + 0). Suppose a*z = -z + 1212. What is the units digit of z?
4
Let d(c) = -40*c - 583. Let s be d(-15). Let h(y) = 9*y + y - 43 + 17*y**2 + 2*y**3 - 3*y**3. What is the tens digit of h(s)?
2
